{"id":152,"date":"2015-08-20T16:41:58","date_gmt":"2015-08-20T14:41:58","guid":{"rendered":"http:\/\/siljakarlsson.se\/?page_id=152"},"modified":"2015-08-20T16:41:58","modified_gmt":"2015-08-20T14:41:58","slug":"silja-karlsson","status":"publish","type":"page","link":"https:\/\/siljakarlsson.se\/?page_id=152","title":{"rendered":"Silja Karlsson"},"content":{"rendered":"<p><span class=\"text\">Silja studerade vid Konstfackskolans textila linje i b\u00f6rjan p\u00e5 60-talet under Edna Martins ledning, samt vid Konstfack i Stockholm. Hon har arbetat som fri konstn\u00e4r med uppdrag f\u00f6r offentliga milj\u00f6er och med utst\u00e4llningar p\u00e5 mus\u00e9er och konsthallar, runt om i de nordiska l\u00e4nderna, i USA och Saudiarabien. <\/span><\/p>\n","protected":false},"excerpt":{"rendered":"<p>Silja studerade vid Konstfackskolans textila linje i b\u00f6rjan p\u00e5 60-talet under Edna Martins ledning, samt vid Konstfack i Stockholm. Hon har arbetat som fri konstn\u00e4r med uppdrag f\u00f6r offentliga milj\u00f6er och med utst\u00e4llningar p\u00e5 mus\u00e9er och konsthallar, runt om i de nordiska l\u00e4nderna, i USA och Saudiarabien.<\/p>\n","protected":false},"author":1,"featured_media":0,"parent":0,"menu_order":0,"comment_status":"open","ping_status":"open","template":"template-portfolio.php","meta":{"footnotes":""},"tags":[],"class_list":["post-152","page","type-page","status-publish","hentry"],"_links":{"self":[{"href":"https:\/\/siljakarlsson.se\/index.php?rest_route=\/wp\/v2\/pages\/152"}],"collection":[{"href":"https:\/\/siljakarlsson.se\/index.php?rest_route=\/wp\/v2\/pages"}],"about":[{"href":"https:\/\/siljakarlsson.se\/index.php?rest_route=\/wp\/v2\/types\/page"}],"author":[{"embeddable":true,"href":"https:\/\/siljakarlsson.se\/index.php?rest_route=\/wp\/v2\/users\/1"}],"replies":[{"embeddable":true,"href":"https:\/\/siljakarlsson.se\/index.php?rest_route=%2Fwp%2Fv2%2Fcomments&post=152"}],"version-history":[{"count":1,"href":"https:\/\/siljakarlsson.se\/index.php?rest_route=\/wp\/v2\/pages\/152\/revisions"}],"predecessor-version":[{"id":153,"href":"https:\/\/siljakarlsson.se\/index.php?rest_route=\/wp\/v2\/pages\/152\/revisions\/153"}],"wp:attachment":[{"href":"https:\/\/siljakarlsson.se\/index.php?rest_route=%2Fwp%2Fv2%2Fmedia&parent=152"}],"wp:term":[{"taxonomy":"post_tag","embeddable":true,"href":"https:\/\/siljakarlsson.se\/index.php?rest_route=%2Fwp%2Fv2%2Ftags&post=152"}],"curies":[{"name":"wp","href":"https:\/\/api.w.org\/{rel}","templated":true}]}}